{"id":18,"date":"2026-04-22T15:09:44","date_gmt":"2026-04-22T13:09:44","guid":{"rendered":"https:\/\/capmajeur.com\/?page_id=18"},"modified":"2026-04-22T16:52:04","modified_gmt":"2026-04-22T14:52:04","slug":"bienvenue-a-bord-de-cap-majeur","status":"publish","type":"page","link":"https:\/\/capmajeur.com\/","title":{"rendered":"Bienvenue \u00e0 bord de \u00ab\u00a0Cap Majeur\u00a0\u00bb, un outil pour permettre de naviguer sereinement dans la mer des d\u00e9marches \u00e0 r\u00e9aliser lorsqu\u2019on devient majeur\u00a0!"},"content":{"rendered":"\n<p>Le jeu \u00ab&nbsp;Cap Majeur&nbsp;\u00bb est un support pour les professionnels qui accompagnent des jeunes majeurs ou bient\u00f4t majeurs (PJJ, FJT, ML, E2C, lyc\u00e9es, etc.) pour proposer des ateliers ludiques et collaboratifs sur les questions et les d\u00e9marches \u00e0 mener quand on est majeur et autonome (budget, logement, travail\/insertion professionnelle, famille, sant\u00e9\u2026). Le jeu est tout \u00e0 fait adaptable \u00e0 d\u2019autres publics (public en situation de pr\u00e9carit\u00e9, en insertion, en situation de handicap\u2026) et peut \u00eatre utilis\u00e9 dans des structures et contextes vari\u00e9s.&nbsp;<\/p>\n\n\n\n<p>Ce nouveau jeu \u00ab&nbsp;Cap Majeur&nbsp;\u00bb, enti\u00e8rement d\u00e9mat\u00e9rialis\u00e9, est compatible avec le jeu \u00ab&nbsp;<a href=\"https:\/\/desmarchesmajeures.com\/\" target=\"_blank\" rel=\"noreferrer noopener\">Des Marches Majeur(e)s<\/a><strong>&nbsp;<\/strong>\u00bb. Ses diff\u00e9rents \u00e9l\u00e9ments (Plateau, carnet de bord de l\u2019animateur, livret des r\u00e9ponses\u2026) sont t\u00e9l\u00e9chargeables et peuvent \u00eatre imprim\u00e9s sur un copieur de bureau ou chez un imprimeur professionnel.<\/p>\n\n\n\n<p>Les modalit\u00e9s du jeu permettent aux jeunes de partager leurs exp\u00e9riences, leurs connaissances, mais aussi d\u2019acqu\u00e9rir une d\u00e9marche de r\u00e9solution de probl\u00e8me face \u00e0 une difficult\u00e9 rencontr\u00e9e, d\u00e9marche qui leur sera utile tout au long de leur vie. Les questions pos\u00e9es ont \u00e9t\u00e9 formul\u00e9es \u00e0 partir des mots et expressions utilis\u00e9s par les jeunes qui ont particip\u00e9 \u00e0 l\u2019\u00e9laboration de l\u2019outil.<\/p>\n\n\n\n<p class=\"has-text-align-center\"><strong>Bonne navigation&nbsp;!<\/strong><\/p>\n\n\n\n<hr class=\"wp-block-separator has-alpha-channel-opacity\"\/>\n\n\n\n<h2 class=\"wp-block-heading\"><strong>Le \u00ab&nbsp;Cap majeur&nbsp;\u00bb a besoin des contributions de ses matelots<\/strong><\/h2>\n\n\n\n<p>Nous avons besoin de vous. En effet, les d\u00e9marches sont multiples et \u00e9voluent sans cesse. Afin que cet outil puisse rester p\u00e9renne, des mises \u00e0 jour sont r\u00e9alis\u00e9es r\u00e9guli\u00e8rement, gr\u00e2ce aux remont\u00e9es d\u2019information de ceux qui l\u2019utilisent. Votre vigilance est donc primordiale pour nous, afin de r\u00e9aliser les mises \u00e0 jour n\u00e9cessaires. Aussi, nous vous remercions de prendre quelques minutes pour nous faire remonter les besoins de mises \u00e0 jour que vous auriez rep\u00e9r\u00e9s via ce <a href=\"https:\/\/forms.office.com\/e\/6Xev3ym6fB\" target=\"_blank\" rel=\"noreferrer noopener\">formulaire<\/a><a id=\"_msocom_1\"><\/a>.<\/p>\n\n\n\n<p><strong>Nous vous remercions par avance pour vos contributions.<\/strong><\/p>\n\n\n\n<p>Pour \u00eatre inform\u00e9 d\u00e8s qu\u2019une mise \u00e0 jour a \u00e9t\u00e9 effectu\u00e9e, vous pouvez nous laisser vos coordonn\u00e9es via ce formulaire.<\/p>\n\n\n\n<hr class=\"wp-block-separator has-alpha-channel-opacity\"\/>\n\n\n\n<div class=\"wp-block-columns is-layout-flex wp-container-core-columns-is-layout-9d6595d7 wp-block-columns-is-layout-flex\">\n<div class=\"wp-block-column cadre-info is-layout-flow wp-block-column-is-layout-flow\" style=\"flex-basis:65%\">\n<p class=\"has-text-align-center titre-cadre-info\">L&rsquo;\u00e9quipe de conception<\/p>\n\n\n\n<div class=\"wp-block-columns is-layout-flex wp-container-core-columns-is-layout-9d6595d7 wp-block-columns-is-layout-flex\">\n<div class=\"wp-block-column bloc-pjj is-layout-flow wp-block-column-is-layout-flow\">\n<h3 class=\"wp-block-heading\">PJJ<\/h3>\n\n\n\n<p class=\"has-text-align-left\"><strong>Concepteurs :<\/strong><br>UEMO de Saint Pierre en Faucigny : Aude POMMIER (assistante sociale), Jean-Jo\u00ebl LEPRINCE (\u00e9ducateur)<\/p>\n\n\n\n<p class=\"has-text-align-left\"><strong>Contributeurs :<\/strong><\/p>\n\n\n\n<ul class=\"wp-block-list\">\n<li>UEMO de Ville-la-Grand : C\u00e9cile SOUBEYRE (\u00e9ducatrice), Marion SURY (Assistante sociale)<\/li>\n\n\n\n<li>UEMO d&rsquo;Annecy : St\u00e9phanie ROCHE (Educatrice); Lionel VAN CAUWENBERGHE, Responsable d\u2019Unit\u00e9<\/li>\n\n\n\n<li>UEMO de Chamb\u00e9ry : Ga\u00eblle BELLAMY (Educatrice), L\u00e9a BEZIER-GESBERT (Assistante sociale)<\/li>\n\n\n\n<li>DT PJJ Les Savoie : Nadine CHAPEAU (Conseill\u00e8re Technique Promotion Sant\u00e9)<\/li>\n\n\n\n<li>Les jeunes suivis par les \u00e9quipes PJJ des Savoie<\/li>\n<\/ul>\n<\/div>\n<\/div>\n\n\n\n<div style=\"height:10px\" aria-hidden=\"true\" class=\"wp-block-spacer\"><\/div>\n\n\n\n<div class=\"wp-block-columns is-layout-flex wp-container-core-columns-is-layout-9d6595d7 wp-block-columns-is-layout-flex\">\n<div class=\"wp-block-column bloc-ireps link-container is-layout-flow wp-block-column-is-layout-flow\">\n<h3 class=\"wp-block-heading\">Promotion Sant\u00e9 ARA<\/h3>\n\n\n\n<p class=\"link\"><strong>Soutien m\u00e9thodologique et expertise CPS :<\/strong><br>C\u00e9line PETIT (Charg\u00e9e de projet), Emmanuelle GANNE (Charg\u00e9e de projet) &#8211; <a href=\"https:\/\/promotion-sante-ara.org\" target=\"_blank\" rel=\"noreferrer noopener\">Promotion Sant\u00e9&nbsp;ARA<\/a><br><\/p>\n<\/div>\n<\/div>\n\n\n\n<div style=\"height:10px\" aria-hidden=\"true\" class=\"wp-block-spacer\"><\/div>\n\n\n\n<div class=\"wp-block-columns is-layout-flex wp-container-core-columns-is-layout-9d6595d7 wp-block-columns-is-layout-flex\">\n<div class=\"wp-block-column bloc-mouche is-layout-flow wp-block-column-is-layout-flow\">\n<h3 class=\"wp-block-heading\">Mouche \u00e0 oreille<\/h3>\n\n\n\n<p>Conception graphique et impression &#8211; <a href=\"http:\/\/moucheaoreille.free.fr\/\" target=\"_blank\" rel=\"noreferrer noopener\">Site<\/a><\/p>\n<\/div>\n<\/div>\n<\/div>\n\n\n\n<div class=\"wp-block-column cadre-info is-layout-flow wp-block-column-is-layout-flow\" style=\"flex-basis:35%\">\n<p class=\"has-text-align-center titre-cadre-info\">Renseignements<\/p>\n\n\n\n<div class=\"wp-block-columns is-layout-flex wp-container-core-columns-is-layout-9d6595d7 wp-block-columns-is-layout-flex\">\n<div class=\"wp-block-column bloc-renseignement is-layout-flow wp-block-column-is-layout-flow\">\n<h3 class=\"wp-block-heading\">Promotion Sant\u00e9 ARA<\/h3>\n\n\n\n<p class=\"has-text-align-left defi-texte\">Pour plus de renseignements, ou si vous rencontrez un probl\u00e8me pour le t\u00e9l\u00e9chargement des fichiers, vous pouvez contacter\u202f:&nbsp;<\/p>\n\n\n\n<ul class=\"wp-block-list\">\n<li><strong>C\u00e9line PETIT (Promotion Sant\u00e9 74)\u202f: <\/strong><a href=\"mailto:celine.petit@promotion-sante-ara.org\" target=\"_blank\" rel=\"noreferrer noopener\">celine.petit@promotion-sante-ara.org<\/a>&nbsp;<\/li>\n\n\n\n<li><strong>Emmanuelle GANNE (<strong>Promotion Sant\u00e9<\/strong> 73)\u202f: <\/strong><a href=\"mailto:emmanuelle.ganne@promotion-sante-ara.org\" target=\"_blank\" rel=\"noreferrer noopener\">emmanuelle.ganne@promotion-sante-ara.org<\/a>&nbsp;<\/li>\n<\/ul>\n\n\n<div class=\"wp-block-image\">\n<figure class=\"aligncenter size-full is-resized\"><img decoding=\"async\" src=\"https:\/\/desmarchesmajeures.com\/wp-content\/uploads\/2024\/07\/logo_psara.png\" alt=\"\" class=\"wp-image-710\" style=\"width:auto;height:80px\" title=\"Logo IREPS ARA\"\/><\/figure>\n<\/div><\/div>\n<\/div>\n\n\n\n<div style=\"height:10px\" aria-hidden=\"true\" class=\"wp-block-spacer\"><\/div>\n\n\n\n<p class=\"has-text-align-center titre-cadre-info\">Financement<\/p>\n\n\n\n<div class=\"wp-block-columns is-layout-flex wp-container-core-columns-is-layout-9d6595d7 wp-block-columns-is-layout-flex\">\n<div class=\"wp-block-column bloc-ars is-layout-flow wp-block-column-is-layout-flow\">\n<h3 class=\"wp-block-heading\">ARS ARA<\/h3>\n\n\n\n<p>Outil r\u00e9alis\u00e9 avec le soutien de l&rsquo;<a href=\"https:\/\/www.auvergne-rhone-alpes.ars.sante.fr\/\" target=\"_blank\" rel=\"noreferrer noopener\">ARS Auvergne-Rh\u00f4ne-Alpes<\/a><\/p>\n\n\n<div class=\"wp-block-image\">\n<figure class=\"aligncenter size-full is-resized\"><a href=\"https:\/\/www.auvergne-rhone-alpes.ars.sante.fr\/\" target=\"_blank\" rel=\"noreferrer noopener\"><img decoding=\"async\" src=\"https:\/\/desmarchesmajeures.com\/wp-content\/uploads\/2023\/12\/logo_ars.png\" alt=\"Logo ARS ARA\" class=\"wp-image-387\" style=\"width:auto;height:80px\" title=\"Logo ARS ARA\"\/><\/a><\/figure>\n<\/div><\/div>\n<\/div>\n<\/div>\n<\/div>\n\n\n\n<p><a href=\"https:\/\/www.auvergne-rhone-alpes.ars.sante.fr\/\" target=\"_blank\" rel=\"noreferrer noopener\"><\/a><\/p>\n\n\n\n<p><\/p>\n","protected":false},"excerpt":{"rendered":"<p>Le jeu \u00ab&nbsp;Cap Majeur&nbsp;\u00bb est un support pour les professionnels qui accompagnent des jeunes majeurs ou bient\u00f4t majeurs (PJJ, FJT, ML, E2C, lyc\u00e9es, etc.) pour proposer des ateliers ludiques et collaboratifs sur les questions et les d\u00e9marches \u00e0 mener quand &hellip; <a href=\"https:\/\/capmajeur.com\/\">Continuer la lecture <span class=\"meta-nav\">&rarr;<\/span><\/a><\/p>\n","protected":false},"author":1,"featured_media":0,"parent":0,"menu_order":0,"comment_status":"closed","ping_status":"closed","template":"","meta":{"footnotes":""},"class_list":["post-18","page","type-page","status-publish","hentry"],"_links":{"self":[{"href":"https:\/\/capmajeur.com\/index.php?rest_route=\/wp\/v2\/pages\/18","targetHints":{"allow":["GET"]}}],"collection":[{"href":"https:\/\/capmajeur.com\/index.php?rest_route=\/wp\/v2\/pages"}],"about":[{"href":"https:\/\/capmajeur.com\/index.php?rest_route=\/wp\/v2\/types\/page"}],"author":[{"embeddable":true,"href":"https:\/\/capmajeur.com\/index.php?rest_route=\/wp\/v2\/users\/1"}],"replies":[{"embeddable":true,"href":"https:\/\/capmajeur.com\/index.php?rest_route=%2Fwp%2Fv2%2Fcomments&post=18"}],"version-history":[{"count":16,"href":"https:\/\/capmajeur.com\/index.php?rest_route=\/wp\/v2\/pages\/18\/revisions"}],"predecessor-version":[{"id":70,"href":"https:\/\/capmajeur.com\/index.php?rest_route=\/wp\/v2\/pages\/18\/revisions\/70"}],"wp:attachment":[{"href":"https:\/\/capmajeur.com\/index.php?rest_route=%2Fwp%2Fv2%2Fmedia&parent=18"}],"curies":[{"name":"wp","href":"https:\/\/api.w.org\/{rel}","templated":true}]}}